{"id":801,"date":"2022-11-03T21:08:14","date_gmt":"2022-11-03T21:08:14","guid":{"rendered":"https:\/\/www.miroglumuhendislik.com.tr\/?page_id=801"},"modified":"2022-11-03T21:24:55","modified_gmt":"2022-11-03T21:24:55","slug":"tubitak-marmara-arastirma-merkezi","status":"publish","type":"page","link":"https:\/\/www.miroglumuhendislik.com.tr\/index.php\/tubitak-marmara-arastirma-merkezi\/","title":{"rendered":"T\u00dcB\u0130TAK MARMARA ARA\u015eTIRMA MERKEZ\u0130"},"content":{"rendered":"\t\t<div data-elementor-type=\"wp-page\" data-elementor-id=\"801\" class=\"elementor elementor-801\">\n\t\t\t\t\t\t<section class=\"elementor-section elementor-top-section elementor-element elementor-element-c28c89b elementor-section-boxed elementor-section-height-default elementor-section-height-default\" data-id=\"c28c89b\" data-element_type=\"section\">\n\t\t\t\t\t\t<div class=\"elementor-container elementor-column-gap-default\">\n\t\t\t\t\t<div class=\"elementor-column elementor-col-100 elementor-top-column elementor-element elementor-element-2766d60\" data-id=\"2766d60\" data-element_type=\"column\">\n\t\t\t<div class=\"elementor-widget-wrap elementor-element-populated\">\n\t\t\t\t\t\t<div class=\"elementor-element elementor-element-2e928c8 elementor-widget elementor-widget-image\" data-id=\"2e928c8\" data-element_type=\"widget\" data-widget_type=\"image.default\">\n\t\t\t\t<div class=\"elementor-widget-container\">\n\t\t\t<style>\/*! elementor - v3.19.0 - 28-02-2024 *\/\n.elementor-widget-image{text-align:center}.elementor-widget-image a{display:inline-block}.elementor-widget-image a img[src$=\".svg\"]{width:48px}.elementor-widget-image img{vertical-align:middle;display:inline-block}<\/style>\t\t\t\t\t\t\t\t\t\t<img fetchpriority=\"high\" decoding=\"async\" width=\"768\" height=\"576\" src=\"https:\/\/www.miroglumuhendislik.com.tr\/wp-content\/uploads\/2022\/11\/WhatsApp-Image-2022-11-03-at-21.53.31-3-768x576.jpeg\" class=\"attachment-medium_large size-medium_large wp-image-832\" alt=\"\" srcset=\"https:\/\/www.miroglumuhendislik.com.tr\/wp-content\/uploads\/2022\/11\/WhatsApp-Image-2022-11-03-at-21.53.31-3-768x576.jpeg 768w, https:\/\/www.miroglumuhendislik.com.tr\/wp-content\/uploads\/2022\/11\/WhatsApp-Image-2022-11-03-at-21.53.31-3-300x225.jpeg 300w, https:\/\/www.miroglumuhendislik.com.tr\/wp-content\/uploads\/2022\/11\/WhatsApp-Image-2022-11-03-at-21.53.31-3.jpeg 1024w\" sizes=\"(max-width: 768px) 100vw, 768px\" \/>\t\t\t\t\t\t\t\t\t\t\t\t\t<\/div>\n\t\t\t\t<\/div>\n\t\t\t\t\t<\/div>\n\t\t<\/div>\n\t\t\t\t\t<\/div>\n\t\t<\/section>\n\t\t\t\t<section class=\"elementor-section elementor-top-section elementor-element elementor-element-6732453 elementor-section-boxed elementor-section-height-default elementor-section-height-default\" data-id=\"6732453\" data-element_type=\"section\">\n\t\t\t\t\t\t<div class=\"elementor-container elementor-column-gap-default\">\n\t\t\t\t\t<div class=\"elementor-column elementor-col-100 elementor-top-column elementor-element elementor-element-ba5597f\" data-id=\"ba5597f\" data-element_type=\"column\">\n\t\t\t<div class=\"elementor-widget-wrap elementor-element-populated\">\n\t\t\t\t\t\t<div class=\"elementor-element elementor-element-6e5cfc3 elementor-widget elementor-widget-image\" data-id=\"6e5cfc3\" data-element_type=\"widget\" data-widget_type=\"image.default\">\n\t\t\t\t<div class=\"elementor-widget-container\">\n\t\t\t\t\t\t\t\t\t\t\t\t\t<img decoding=\"async\" width=\"768\" height=\"576\" src=\"https:\/\/www.miroglumuhendislik.com.tr\/wp-content\/uploads\/2022\/11\/WhatsApp-Image-2022-11-03-at-21.55.47-1-768x576.jpeg\" class=\"attachment-medium_large size-medium_large wp-image-833\" alt=\"\" srcset=\"https:\/\/www.miroglumuhendislik.com.tr\/wp-content\/uploads\/2022\/11\/WhatsApp-Image-2022-11-03-at-21.55.47-1-768x576.jpeg 768w, https:\/\/www.miroglumuhendislik.com.tr\/wp-content\/uploads\/2022\/11\/WhatsApp-Image-2022-11-03-at-21.55.47-1-300x225.jpeg 300w, https:\/\/www.miroglumuhendislik.com.tr\/wp-content\/uploads\/2022\/11\/WhatsApp-Image-2022-11-03-at-21.55.47-1.jpeg 1024w\" sizes=\"(max-width: 768px) 100vw, 768px\" \/>\t\t\t\t\t\t\t\t\t\t\t\t\t<\/div>\n\t\t\t\t<\/div>\n\t\t\t\t\t<\/div>\n\t\t<\/div>\n\t\t\t\t\t<\/div>\n\t\t<\/section>\n\t\t\t\t<section class=\"elementor-section elementor-top-section elementor-element elementor-element-20c30e6 elementor-section-boxed elementor-section-height-default elementor-section-height-default\" data-id=\"20c30e6\" data-element_type=\"section\">\n\t\t\t\t\t\t<div class=\"elementor-container elementor-column-gap-default\">\n\t\t\t\t\t<div class=\"elementor-column elementor-col-100 elementor-top-column elementor-element elementor-element-ac30d30\" data-id=\"ac30d30\" data-element_type=\"column\">\n\t\t\t<div class=\"elementor-widget-wrap elementor-element-populated\">\n\t\t\t\t\t\t<div class=\"elementor-element elementor-element-62769a5 elementor-widget elementor-widget-image\" data-id=\"62769a5\" data-element_type=\"widget\" data-widget_type=\"image.default\">\n\t\t\t\t<div class=\"elementor-widget-container\">\n\t\t\t\t\t\t\t\t\t\t\t\t\t<img decoding=\"async\" width=\"768\" height=\"576\" src=\"https:\/\/www.miroglumuhendislik.com.tr\/wp-content\/uploads\/2022\/11\/WhatsApp-Image-2022-11-03-at-21.53.31-2-768x576.jpeg\" class=\"attachment-medium_large size-medium_large wp-image-831\" alt=\"\" srcset=\"https:\/\/www.miroglumuhendislik.com.tr\/wp-content\/uploads\/2022\/11\/WhatsApp-Image-2022-11-03-at-21.53.31-2-768x576.jpeg 768w, https:\/\/www.miroglumuhendislik.com.tr\/wp-content\/uploads\/2022\/11\/WhatsApp-Image-2022-11-03-at-21.53.31-2-300x225.jpeg 300w, https:\/\/www.miroglumuhendislik.com.tr\/wp-content\/uploads\/2022\/11\/WhatsApp-Image-2022-11-03-at-21.53.31-2.jpeg 1024w\" sizes=\"(max-width: 768px) 100vw, 768px\" \/>\t\t\t\t\t\t\t\t\t\t\t\t\t<\/div>\n\t\t\t\t<\/div>\n\t\t\t\t\t<\/div>\n\t\t<\/div>\n\t\t\t\t\t<\/div>\n\t\t<\/section>\n\t\t\t\t<section class=\"elementor-section elementor-top-section elementor-element elementor-element-f2a9a91 elementor-section-boxed elementor-section-height-default elementor-section-height-default\" data-id=\"f2a9a91\" data-element_type=\"section\">\n\t\t\t\t\t\t<div class=\"elementor-container elementor-column-gap-default\">\n\t\t\t\t\t<div class=\"elementor-column elementor-col-100 elementor-top-column elementor-element elementor-element-1d52d1e\" data-id=\"1d52d1e\" data-element_type=\"column\">\n\t\t\t<div class=\"elementor-widget-wrap elementor-element-populated\">\n\t\t\t\t\t\t<div class=\"elementor-element elementor-element-69fa910 elementor-widget elementor-widget-image\" data-id=\"69fa910\" data-element_type=\"widget\" data-widget_type=\"image.default\">\n\t\t\t\t<div class=\"elementor-widget-container\">\n\t\t\t\t\t\t\t\t\t\t\t\t\t<img loading=\"lazy\" decoding=\"async\" width=\"768\" height=\"576\" src=\"https:\/\/www.miroglumuhendislik.com.tr\/wp-content\/uploads\/2022\/11\/WhatsApp-Image-2022-11-03-at-21.56.20-1-768x576.jpeg\" class=\"attachment-medium_large size-medium_large wp-image-834\" alt=\"\" srcset=\"https:\/\/www.miroglumuhendislik.com.tr\/wp-content\/uploads\/2022\/11\/WhatsApp-Image-2022-11-03-at-21.56.20-1-768x576.jpeg 768w, https:\/\/www.miroglumuhendislik.com.tr\/wp-content\/uploads\/2022\/11\/WhatsApp-Image-2022-11-03-at-21.56.20-1-300x225.jpeg 300w, https:\/\/www.miroglumuhendislik.com.tr\/wp-content\/uploads\/2022\/11\/WhatsApp-Image-2022-11-03-at-21.56.20-1.jpeg 1024w\" sizes=\"(max-width: 768px) 100vw, 768px\" \/>\t\t\t\t\t\t\t\t\t\t\t\t\t<\/div>\n\t\t\t\t<\/div>\n\t\t\t\t\t<\/div>\n\t\t<\/div>\n\t\t\t\t\t<\/div>\n\t\t<\/section>\n\t\t\t\t<\/div>\n\t\t","protected":false},"excerpt":{"rendered":"","protected":false},"author":1,"featured_media":0,"parent":0,"menu_order":0,"comment_status":"closed","ping_status":"closed","template":"","meta":{"footnotes":""},"_links":{"self":[{"href":"https:\/\/www.miroglumuhendislik.com.tr\/index.php\/wp-json\/wp\/v2\/pages\/801"}],"collection":[{"href":"https:\/\/www.miroglumuhendislik.com.tr\/index.php\/wp-json\/wp\/v2\/pages"}],"about":[{"href":"https:\/\/www.miroglumuhendislik.com.tr\/index.php\/wp-json\/wp\/v2\/types\/page"}],"author":[{"embeddable":true,"href":"https:\/\/www.miroglumuhendislik.com.tr\/index.php\/wp-json\/wp\/v2\/users\/1"}],"replies":[{"embeddable":true,"href":"https:\/\/www.miroglumuhendislik.com.tr\/index.php\/wp-json\/wp\/v2\/comments?post=801"}],"version-history":[{"count":7,"href":"https:\/\/www.miroglumuhendislik.com.tr\/index.php\/wp-json\/wp\/v2\/pages\/801\/revisions"}],"predecessor-version":[{"id":840,"href":"https:\/\/www.miroglumuhendislik.com.tr\/index.php\/wp-json\/wp\/v2\/pages\/801\/revisions\/840"}],"wp:attachment":[{"href":"https:\/\/www.miroglumuhendislik.com.tr\/index.php\/wp-json\/wp\/v2\/media?parent=801"}],"curies":[{"name":"wp","href":"https:\/\/api.w.org\/{rel}","templated":true}]}}